e number?
False
Is 136884154039 a composite number?
False
Is 26195089121 prime?
False
Is 7028478923 a prime number?
False
Is 12293206259 a composite number?
True
Is 841609586 prime?
False
Is 1193107961 prime?
True
Is 218813741 composite?
True
Is 114645521 a prime number?
True
Is 13247554183 composite?
True
Is 1346087711 a composite number?
False
Is 2224952929 a composite number?
False
Is 5670769381 prime?
False
Is 36566335706 prime?
False
Is 39628775647 prime?
False
Is 912832117 a prime number?
False
Is 12707430803 a composite number?
True
Is 48186576833 prime?
False
Is 46562577497 a prime number?
True
Is 12531219361 a prime number?
True
Is 41135985551 composite?
True
Is 149848689 prime?
False
Is 1592436347 a prime number?
False
Is 266939401 prime?
True
Is 481099831937 prime?
True
Is 19862492797 a prime number?
False
Is 3162733663 composite?
True
Is 7612050053 a prime number?
False
Is 697467469 a prime number?
True
Is 598205701 prime?
False
Is 4141088227 a prime number?
False
Is 278561431 prime?
False
Is 3637698593 prime?
True
Is 26312989187 a composite number?
False
Is 160690224299 a prime number?
False
Is 1068486283 a prime number?
False
Is 289958127 prime?
False
Is 219765841 prime?
True
Is 6363396421 prime?
True
Is 787915277 a prime number?
False
Is 1648921271 a composite number?
False
Is 14789036947 composite?
False
Is 4157261113 a prime number?
False
Is 49009313 a prime number?
True
Is 43378870859 composite?
True
Is 3752887069 a composite number?
True
Is 133888621 composite?
True
Is 1756848701 a prime number?
True
Is 27059005411 prime?
False
Is 186982095851 composite?
False
Is 6787457839 a composite number?
False
Is 77515350457 composite?
False
Is 7336994803 prime?
False
Is 1962476569 composite?
False
Is 747098621 prime?
False
Is 7880339991 a prime number?
False
Is 33587948821 a prime number?
False
Is 156993071 a prime number?
True
Is 73339121 a composite number?
True
Is 155043347 a prime number?
False
Is 1193462833 prime?
True
Is 1221376461 prime?
False
Is 17583902923 composite?
False
Is 3608019911 a prime number?
False
Is 2433523409 composite?
False
Is 3890717123 a prime number?
True
Is 25027016329 a composite number?
True
Is 637074853 a composite number?
True
Is 95310325745 a composite number?
True
Is 2062698161 prime?
True
Is 4092836057 a prime number?
True
Is 55522946095 prime?
False
Is 340675469 a composite number?
False
Is 26928424027 prime?
True
Is 4695345439 prime?
False
Is 28142129629 a composite number?
False
Is 429952891523 prime?
True
Is 2214690773 prime?
False
Is 6068859689 composite?
False
Is 651188023 composite?
False
Is 1970686763 a composite number?
False
Is 2857840081 prime?
True
Is 212285947 a prime number?
True
Is 134558264501 prime?
True
Is 1959779021 a composite number?
True
Is 255943613 prime?
False
Is 12936629971 a composite number?
False
Is 888865877 composite?
False
Is 37815568293 composite?
True
Is 83250061063 a composite number?
True
Is 2023348687 a composite number?
True
Is 10480273411 a prime number?
True
Is 3600125033 prime?
False
Is 2311270537 a composite number?
False
Is 3821921219 a prime number?
False
Is 36381470557 a composite number?
True
Is 103565047 a composite number?
False
Is 6327707 a composite number?
False
Is 32233134551 a composite number?
True
Is 25137030857 a prime number?
True
Is 5865065771 a prime number?
False
Is 6736944131 a prime number?
False
Is 443586791 prime?
False
Is 253218961091 composite?
True
Is 2242456607 a composite number?
False
Is 1116955249 composite?
True
Is 1950490349 a prime number?
True
Is 1374589529 a composite number?
True
Is 7890326599 a composite number?
False
Is 1592194657 a prime number?
True
Is 2380766347 prime?
True
Is 110077032929 composite?
False
Is 1543647407 prime?
True
Is 15031414973 prime?
True
Is 96047252209 a composite number?
False
Is 3433063967 a prime number?
True
Is 6608884157 composite?
False
Is 2633611511 prime?
False
Is 471512533 a prime number?
False
Is 78213280741 composite?
False
Is 26282232157 prime?
False
Is 38277129661 a prime number?
True
Is 606451561 a composite number?
False
Is 10080213593 a prime number?
False
Is 677467337 composite?
True
Is 427891249 a composite number?
False
Is 4503888349 composite?
False
Is 350073611 composite?
False
Is 4656434369 a composite number?
False
Is 36033922043 a composite number?
True
Is 5414313623 a prime number?
True
Is 4823729353 composite?
True
Is 5010567929 a composite number?
False
Is 8960291 a prime number?
True
Is 1037269927 a prime number?
False
Is 844811479 a composite number?
False
Is 19306241003 composite?
True
Is 492555769 a composite number?
False
Is 43289778041 prime?
True
Is 194509031 a composite number?
False
Is 9488435779 a prime number?
True
Is 326597633 a composite number?
True
Is 2911678411 a composite number?
True
Is 5265378919 a composite number?
True
Is 58876591051 composite?
False
Is 8641123519 a prime number?
False
Is 9829667899 composite?
True
Is 1109589181 a prime number?
True
Is 2106932603 a composite number?
False
Is 6799734457 a composite number?
False
Is 1184857649 prime?
False
Is 4831408651 a prime number?
False
Is 4074553087 a prime number?
False
Is 19583516594 prime?
False
Is 5531026783 a composite number?
False
Is 124895369 a composite number?
False
Is 3798045863 a prime number?
True
Is 210354143 a prime number?
True
Is 8157673247 a composite number?
True
Is 277002806351 composite?
False
Is 902781499 prime?
False
Is 1217260463 a composite number?
False
Is 48508227067 composite?
False
Is 4665766793 prime?
True
Is 555125383 composite?
True
Is 1001909631 composite?
True
Is 399474667 composite?
True
Is 29267592059 composite?
False
Is 502672663 prime?
False
Is 1817569679 a prime number?
True
Is 23292924742 a composite number?
True
Is 3255064187 prime?
True
Is 109368783347 a prime number?
True
Is 339363151 composite?
False
Is 27612788891 composite?
False
Is 1378373757 a prime number?
False
Is 135381013961 prime?
True
Is 473298937 a prime number?
False
Is 3011984491 prime?
False
Is 68409829 prime?
False
Is 13869847009 a composite number?
True
Is 19148041247 a prime number?
False
Is 2558861351 a composite number?
False
Is 31012183229 composite?
True
Is 132946687 prime?
False
Is 228726187 a composite number?
False
Is 478183759 a prime number?
False
Is 1195460797 composite?
False
Is 236807327 a prime number?
False
Is 514080423449 composite?
False
Is 4920783803 a prime number?
False
Is 21120608207 composite?
False
Is 214034687 composite?
False
Is 755941643 a composite number?
True
Is 118038429107 prime?
False
Is 7641148789 a composite number?
False
Is 3747035587 a prime number?
False
Is 4866499893 prime?
False
Is 2698085833 a composite number?
False
Is 114761024093 a composite number?
True
Is 174400711 a prime number?
False
Is 4128374447 composite?
False
Is 52584149 composite?
True
Is 1015773431 composite?
False
Is 21856928539 a prime number?
False
Is 293675441 composite?
False
Is 2634468167 a composite number?
True
Is 12771392021 a composite number?
False
Is 106721530583 prime?
False
Is 37178129 a prime number?
True
Is 21858189638 composite?
True
Is 5765614397 prime?
True
Is 4875075847 prime?
True
Is 267138419 a prime number?
True
Is 3788664179 a prime number?
False
Is 5552735315 composite?
True
Is 11459079829 a composite number?
False
Is 170752661 a prime number?
False
Is 77454018211 prime?
True
Is 102160981 a prime number?
False
Is 5999058517 a composite number?
False
Is 682364645 prime?
False
Is 1113352171 a prime number?
False
Is 478101319 prime?
False
Is 3120355981 composite?
False
Is 31249845397 prime?
True
Is 34975081 a composite number?
False
Is 35975890451 a prime number?
True
Is 24279069809 a composite number?
True
Is 708876601 prime?
False
Is 6545673703 prime?
True
Is 3001761743 a composite number?
True
Is 112439099 prime?
True
Is 13128899653 composite?
False
Is 606541261 a prime number?
True
Is 15503869349 a composite number?
False
Is 3271289614 prime?
False
Is 120970999 composite?
False
Is 4135313885 a composite number?
True
Is 3334799635 a prime number?
False
Is 1387407719 prime?
True
Is 268098317 composite?
False
Is 8154006449 composite?
False
Is 620001587 a composite number?
False
Is 290702651 a composite number?
True
Is 98655127 composite?
False
Is 379309677 p